g**3 - 11*g**2 + 29*g - 21. Let o(c) = 9*c**3 + 24*c**2 - 57*c + 41. Let k(w) = -11*b(w) - 6*o(w). Give k(22).
7
Let g(y) be the first derivative of y**5/20 + 2*y**4/3 + 3*y**3/2 + 5*y**2 + 2*y + 10. Let t(p) be the first derivative of g(p). Give t(-7).
-4
Let x be (-132)/(6 + -9 + 4). Let t = x - -134. Let w(o) = -12*o + 2. What is w(t)?
-22
Let q(g) = -g - 5. Let w(d) = d**3 + 8*d**2 + 2*d - 42. Let n be w(-7). What is q(n)?
2
Let j(v) = 129 - 60 - 72 + v. What is j(1)?
-2
Let u be ((-2)/5)/((-24)/930)*2. Let y(p) = -2 + 5*p**2 - u*p**3 - 6*p**2 - 2*p + 30*p**3 - 5*p**2. What is y(-6)?
10
Let f = -1 - -9. Let r(o) = -o + 104 + 105 + 100 - 301. Give r(f).
0
Let i be (-10)/(-35) + (-12)/(-7). Let v(u) = 2 - 14*u**2 + 5*u + 13*u**i - 6*u + 1. Give v(-3).
-3
Let f(i) = 12225 - 24425 + 12210 + i. Let s be 10/(-4)*(-1 + 3). What is f(s)?
5
Let f(d) be the second derivative of -d**4/12 + 2*d**3/3 - d**2 - d. Suppose 0 = -20*l + 14*l - 1110. Let c = l + 190. Determine f(c).
-7
Let c(i) = i**3 + 2. Let s(b) = b**3 + 5*b**2 - 2*b. Let u(d) = 2*c(d) - s(d). What is u(4)?
-4
Let n(v) = -10*v**2 - v**3 + 8 - 35 - v + 16. What is n(-10)?
-1
Let m(n) = 3*n**2 + 8*n - 21. Let c(v) = v**2 + 3*v - 7. Let u(o) = 11*c(o) - 4*m(o). Determine u(0).
7
Let z = 5 - 5. Let d be (z - (1 + -1)) + 0. Let b(w) = 5*w + 7. Let o(t) = t. Let g(u) = -b(u) + 6*o(u). Calculate g(d).
-7
Let a = 26 + -17. Suppose -z - 10 = -a. Let i(o) = 2*o**2 + o + 1. Calculate i(z).
2
Suppose -43*w + 840 = -211*w. Let m(r) be the second derivative of -r**4/12 - 5*r**3/6 + r. Give m(w).
0
Suppose 0 = 5*b + 12*s - 14*s - 35, -s = b. Let a(f) = -f**2 - 6. Determine a(b).
-31
Let x(z) = 6*z**2 - z**3 - 4*z - 5 + 1 + 2*z**3 + 2*z. Suppose 9*u - 13*u = -3*s - 18, 0 = -s + 3*u - 6. Calculate x(s).
8
Let g(j) = -6*j - 14. Let k(b) = -2*b - 5. Let c(o) = 6*g(o) - 17*k(o). What is c(2)?
-3
Let i(b) = -5*b - 7. Suppose 0 = 5*z + 452 - 437. Give i(z).
8
Let b(j) = -2*j - 2. Let a = -32 + 50. Let k be (36/a)/((-2)/5). Determine b(k).
8
Let t(p) be the first derivative of -p**4/4 - 2*p**3/3 - p**2 - 3*p - 67. What is t(-2)?
1
Let q(s) = -3*s + 49. Let w be q(-11). Let x = w + -80. Let c(l) = 2*l**2 - 3*l + 3. Give c(x).
5
Let m(r) = -5*r + 7*r**2 + 40 + r**2 - 7*r**2 - 47. What is m(7)?
7
Let v(y) = y**3 + 3*y**2 - 7*y - 6. Let f be 10/(-155) + (-366)/93. What is v(f)?
6
Let b(i) be the first derivative of -i**3/3 + 13*i + 1. Let p(a) = a**2 - 9*a - 4. Let k be p(5). Let t = 24 + k. Calculate b(t).
13
Let l be -2*1/(-2) + -2. Let r(k) = -k**2. Let b(c) be the second derivative of -c**4/12 + c**2/2 + 121*c + 2. Let i(t) = l*b(t) - 3*r(t). Determine i(1).
3
Suppose -5*h - 22 = -2*f, -5*h = -2*f - f + 18. Let j(v) = -5*v**2 + 4*v - 13. Let a(o) = -3*o**2 + 2*o - 7. Let d(m) = h*j(m) + 11*a(m). What is d(1)?
-4
Let y = 862 + -857. Let j = -4 - -9. Let u(t) = j*t + 8 - y*t + 0*t - t. What is u(0)?
8
Let k = 268 - 276. Let h(p) = 2*p - 5. What is h(k)?
-21
Let r(g) = g**3 - 6*g**2 + 8. Let f(x) = -2*x**2 + 2*x + x**2 + 7*x**3 + 0 - 2. Let w be 5 + ((-8)/12)/((-6)/(-36)). Let s be f(w). Give r(s).
8
Let v(k) be the second derivative of 1/3*k**3 + 1/12*k**4 + 0 - 1/2*k**2 + 7*k. Determine v(-4).
7
Let y be (-18)/63 + (-33)/7. Let o(a) be the second derivative of -a**3/6 - 3*a**2/2 + 9*a. Calculate o(y).
2
Let k be (-8 + 3 - -4)*1*-7. Let o(t) = t + 5. Let c(s) = 2*s + 5. Let b(w) = 4*c(w) - 5*o(w). Determine b(k).
16
Let u(a) be the third derivative of a**5/60 - a**4/6 - 5*a**3/6 + a**2. Let m = 54 + -13. Let v = m - 35. Give u(v).
7
Let m = 11 - 15. Let g(v) = -v**3 + 6*v**2 - 6*v - 4. Let b be g(4). Let j(a) = -2 - a**2 - 79*a + 77*a + b. Give j(m).
-6
Let u(g) be the third derivative of g**5/60 + 3*g**4/8 + 5*g**3/3 + 5*g**2 + 4*g. What is u(-7)?
-4
Let m(y) = -y + 4. Suppose -w + 4 = -0. Let q(t) = 2*t + 12. Let b be q(-6). Suppose -w*j + 4 = -b*j, -4*s + 26 = 2*j. What is m(s)?
-2
Let r(h) be the third derivative of h**4/12 + 2*h**2. Suppose -3*o - 54 = -18. Let x = -14 - o. Calculate r(x).
-4
Let u = 66 - 29. Let b = -30 + u. Let x(t) = t - 6. Calculate x(b).
1
Let x(a) = 19*a + 12. Let v(c) = 9*c + 6. Let w(u) = 13*v(u) - 6*x(u). Let i(k) = -k**3 - 25*k**2 + 18*k - 213. Let f be i(-26). What is w(f)?
-9
Let m be (-1)/(2*(-2)/8). Let n be 4*(0 + m/4). Let l(h) = 2*h**n - 4 - 7*h**2 + 2*h**2 - h**3. Determine l(-3).
-4
Let n(f) = -5*f - 9. Let q(w) = -2*w - 17. Let s be q(-7). What is n(s)?
6
Let z(l) be the second derivative of -l**4/12 - 2*l**3 - l**2 + 50*l - 2. What is z(-11)?
9
Suppose -4*g + 84 = 20. Suppose 0*d = 4*d - 16, -o - 4*d + g = 0. Suppose o*x - x + 3 = 0. Let j(y) = -y**3 + 3*y**2 + 2. Calculate j(x).
2
Let t(n) = 0*n**2 + n**2 + n + 0*n**2. Let p be 125/50*2/5. Calculate t(p).
2
Let i(z) be the second derivative of z**3/3 - z**2/2 + 9*z. Suppose -5*o = -5*f + 75, 0 = -3*o - 7 - 2. Let j = 7 - f. Calculate i(j).
-11
Let z(a) = a**2 + a + 2. Let p = 13 - 8. Let u(m) = m + 1. Let f be u(p). Let j = -8 + f. Calculate z(j).
4
Let n(s) = -3*s. Let f be n(1). Let a(g) = -2 + 465*g**2 - 2 - 464*g**2 + 3*g. What is a(f)?
-4
Let u(r) = -4*r + 13. Suppose -21*h + 27*h = 30. Give u(h).
-7
Let l(f) be the third derivative of 7*f**4/24 + f**3/2 - 29*f**2. Let s(q) = 4*q + 1. Let c(m) = -3*l(m) + 5*s(m). Calculate c(7).
-11
Let h(r) be the third derivative of -r**6/120 - 7*r**5/60 - r**4/12 + 19*r**3/6 + 7*r**2 + 13*r. What is h(-6)?
-5
Let c = -83 - -89. Let z(q) be the third derivative of 0 + 0*q - 5/24*q**4 - 3*q**2 + 1/60*q**5 - 1/6*q**3. What is z(c)?
5
Let g(r) = 3*r**2 + 2*r + 2. Let j be g(-2). Let x(k) = -6*k**2 + 5 - j*k - 4 - k**3 + 0*k + 17*k**2. Let t be x(10). Let c(y) = -2*y + 1. What is c(t)?
-1
Suppose -x = -6*x. Suppose x = -4*a - a - 2*z + 11, 5*a - 19 = 2*z. Let k(i) = i**2 + 3*i - 2. Let o(d) = -d**2 + d. Let h(n) = k(n) + 2*o(n). What is h(a)?
4
Let p = 3 - 5. Let d(s) be the first derivative of 3*s**4/4 + s**3/3 - s**2 + s - 4. Calculate d(p).
-15
Suppose 4*o + 3 = f + 4, 4*f = -5*o + 17. Let w be (-4)/8*10/o. Let n be (-4)/20 - (-29)/w. Let x(q) = -q + 1. Give x(n).
7
Let u(l) be the second derivative of -l**3/3 - 2*l**2 - 160*l. Calculate u(-8).
12
Let t be 120/18 + 4/(-6). Suppose -12 = -5*c + 3*a, 2*a - 8 = -4*c + t*a. Let h(f) be the first derivative of f**4/4 - 2*f**3/3 - 3*f**2/2 + 4. Determine h(c).
0
Let l = -21 + 15. Let v(q) be the third derivative of q**5/60 + 5*q**4/24 - q**3/3 - 2*q**2 - 467. Calculate v(l).
4
Suppose 0 = -2*q - 5*k, k + 0*k = -2*q + 8. Suppose 2*m - 160 = -q*z - 3*m, 0 = 4*m - 12. Let i = z - 35. Let x(u) = u**3 + 7*u**2 + 5*u - 7. Calculate x(i).
-1
Let h(d) = 0*d + 3 + 12*d**2 + 2 + 0 - 13*d**2 + 3*d. Determine h(5).
-5
Suppose 5*k = 5*r - 55, 2*k + 5*r + 11 = 10. Let t(v) = v**2 + 9*v - 1. Calculate t(k).
-9
Let u(t) be the third derivative of -t**5/60 - 7*t**4/24 + 5*t**3/3 - 34*t**2. What is u(-8)?
2
Let g(j) = 8*j - 9 + 0 + 342*j**2 + 2 - 340*j**2. Determine g(-5).
3
Let b(l) = -l**3 - 4*l**2 - l. Suppose 6*w + 18 = 4*w. Let p be (4/(-6))/((-1)/w*3). Calculate b(p).
-6
Let z(h) be the third derivative of 0 + 12*h**2 + 0*h + 1/12*h**4 + 1/6*h**3. What is z(1)?
3
Let m(f) = f**2 + 5*f - 4. Let z be m(-6). Let k(r) = z + 7 + 7*r**2 + r**2 + r**3 + 9*r. Let y be k(-7). Let w(u) = -u**2 - 4*u + 4. Give w(y).
-1
Suppose -i + 4 = -k, 2*k - 3*i + 5*i = -24. Let m(p) = 10*p**2 + 7*p - 17. Let t(j) = -7*j**2 - 4*j + 11. Let l(r) = 5*m(r) + 7*t(r). Calculate l(k).
0
Let w(g) = 93*g - 303*g + 96*g + 102*g. Determine w(3).
-36
Let k(u) = -u. Suppose 6 = -2*b - 4. Let p = -4 - b. Let t be (p/3)/((-3)/(-36)). Calculate k(t).
-4
Let d(l) = -l**3 - 3*l**2 + 8*l + 10. Suppose -80*q - 12 = -77*q. Determine d(q).
-6
Let c(s) = -s + 2. Let d(j) = 30*j**2 - 2*j. Let l be d(-1). Let w = l + -29. What is c(w)?
-1
Let a(u) = u**2 + 3*u - 15. Let b be a(-6). Let m(p) = 2 - p**3 + 9*p**2 - b*p**2 - 3*p**2 - 3*p. Give m(2).
0
Let t = 18 + -13. Let s(b) be the second derivative of 1/20*b**5 - 7/2*b**2 - 2/3*b**3 + b + 0 - 1/3*b**4. Calculate s(t).
-2
Let l(s) be the third derivative of -11*s**7/1260 - s**6/360 - s**5/120 - 9*s**4/8 + 10*s**2. Let a(y) be the second derivative of l(y). What is a(-1)?
-21
Let y(z) be the second derivative of -z**7/140 + z**6/360 - z**5/12